emainder when x is divided by s.
12
Let y(g) = -2*g**2 - 8*g + 10. Let k(m) = m**2 - m + 1. Let z(c) = k(c) + y(c). What is the remainder when 3 is divided by z(-10)?
0
Let m(t) = t**3 - 7*t**2 + 23*t - 12. What is the remainder when m(4) is divided by 19?
13
Let a(l) = -27*l - 16. Calculate the remainder when a(-2) is divided by 22.
16
Suppose 7 = 2*s - 1. Suppose 6*w - s*w - 42 = -4*x, x - 4*w + 3 = 0. Calculate the remainder when x is divided by 5.
4
Suppose 0 = -5*f + 20 + 5. Suppose 5*b + 3*z - 9 = 0, z = -f*b - 0*z + 13. What is the remainder when 27 is divided by -1 + (3 - (b + -16))?
12
Let a = -281 - -466. Suppose 5*g = a + 45. What is the remainder when g is divided by 7?
4
Let x be 3/(-24) + 356/32. What is the remainder when 18 is divided by 42/28 + x/2?
4
Let p = -18 - -23. Suppose p*m - 8*s - 196 = -5*s, 0 = 5*m - s - 192. What is the remainder when 71 is divided by m?
33
Let i be (-39)/(-4) + 2/8. Suppose -s - 2*s + 111 = 0. What is the remainder when s is divided by i - (-4 + 3/3)?
11
Let m(i) = 3*i**2 + 45*i - 221. Let x = -22 - -54. What is the remainder when x is divided by m(-19)?
4
Let y = 48 + -48. Suppose 0 = 5*o + 3*l - 207, 2*o - 82 = -2*l - y*l. Calculate the remainder when o is divided by 17.
8
Suppose 2*u = 4*i + 58, 3*i - 116 = -2*u - 2*u. Calculate the remainder when 86 is divided by 4 + (u - (8 - 4)).
28
Suppose -5*m + 5*a + 11 + 39 = 0, -3*m - 5*a = -6. What is the remainder when 20 is divided by m?
6
What is the remainder when 567 is divided by 468/45 - (-6)/(-15)?
7
Suppose -3*x + 40 = -7*x. Let i be x*(-8 + 8 + -4). Calculate the remainder when -3*(-2)/(-3) + i is divided by 8.
6
Suppose 38*q + 85 = 37*q. Let w = q - -99. Calculate the remainder when w is divided by 5.
4
Suppose -5*r + 24 = q, -3*r + 0 = -q - 8. Suppose -3*p - j = -0*p + 73, q*p + j + 96 = 0. Let h = -7 - p. What is the remainder when 46 is divided by h?
14
Suppose 3*w - 78 = 8*d - 3*d, w + d = 34. Calculate the remainder when 106 is divided by w.
13
Let f(h) = -h - 37. Let s(b) = 38. Let d(a) = -5*f(a) - 6*s(a). Calculate the remainder when 46 is divided by d(11).
10
Let w(z) = 6*z**2 + 7*z + 13. Let n(f) = -7*f**2 - 7*f - 14. Let t(i) = 5*n(i) + 6*w(i). What is the remainder when 2/(-8) - 25/(-4) is divided by t(-6)?
0
Suppose -358 = -29*v - 97. What is the remainder when 125 is divided by v?
8
Let a(u) = -2*u**3 + 6*u**2 - u + 30. Calculate the remainder when 159 is divided by a(0).
9
Suppose 10*p = 14*p - 12. Suppose 3*f + 2 = -3*d - 1, -4*d - 3 = p*f. Suppose 0 = -d*h - 5*h + 95. Calculate the remainder when 55 is divided by h.
17
Suppose -1946 = -4*w - 1794. What is the remainder when 415 is divided by w?
35
Suppose 0*y + 702 = 13*y. What is the remainder when 105 is divided by y?
51
Let j be (-4 + 13)*((-132)/(-9))/2. Let f = 16 - 6. Calculate the remainder when (-233)/(-6) - (-11)/j is divided by f.
9
What is the remainder when -5*(0 - 19) - -6 is divided by 35?
31
Suppose -3*m + 6*o = -5*m + 28, 4*m + 4*o = 40. Calculate the remainder when 14 is divided by m.
6
Let b be 1 - 27*(-4 + 5). Suppose g + 2*g + 94 = -5*v, 2*v + 31 = g. Let x = v - b. Calculate the remainder when 26 is divided by x.
8
Let p(y) = 2*y**2 - y + 5. Let f be p(5). Let q = -45 + f. Calculate the remainder when 24 is divided by q.
4
Let q = 126 + -86. Let o(y) = y**2 - 10*y + 15. What is the remainder when q is divided by o(0)?
10
Let z = -34 + 21. Let r = z - -36. What is the remainder when r is divided by 6?
5
Let v(r) = 2*r + 3. Suppose 2 = 4*g + 6. Let p be v(g). Suppose s + p - 15 = 0. What is the remainder when 54 is divided by s?
12
Suppose -k - k = -8. Let v be 1/k*(16 - -4). Suppose q + 19 = f + 4*q, -f - v*q + 23 = 0. What is the remainder when 49 is divided by f?
10
Let o(p) = -p**2 + 37*p - 300. Calculate the remainder when 224 is divided by o(19).
14
Let b(u) = -u**2 - 5*u - 2. Let t be b(-4). Suppose t*n - 52 = -0*n. Calculate the remainder when n is divided by 39/3 + (-3)/(-3).
12
Let g(d) = -d**3 - 10*d**2 - 10*d - 8. Let t(f) = -2*f**2 + 6*f + 11. Let k be t(5). Calculate the remainder when 2 is divided by g(k).
0
Let m(j) = -21*j + 215. What is the remainder when 47 is divided by m(9)?
21
Let w = 7 - 13. Let m(y) = -y**2 - 8*y - 4. Suppose 31*v - 394 - 257 = 0. Calculate the remainder when v is divided by m(w).
5
Suppose 15 = 5*v + 3*j, -3*v - j - 3*j + 20 = 0. Suppose t + 2*t - 30 = v. What is the remainder when t is divided by 3?
1
Let l(y) = y**2 + 22*y + 63. What is the remainder when 75 is divided by l(-19)?
3
What is the remainder when 143 is divided by -3 - (7 - (-240)/(-5))?
29
Let j = 550 + -523. What is the remainder when 84 is divided by j?
3
What is the remainder when ((-777)/(-42))/((-3)/(-18)) is divided by 42?
27
What is the remainder when 251 is divided by 5/30 + 959/252*6?
21
Let j(i) = -i**3 + 3. Let y be j(2). Calculate the remainder when 59 is divided by (-119)/(-5) - (y + 168/35).
11
Calculate the remainder when 502 is divided by (16/6)/(-17*28/(-2142)).
10
Suppose 6 + 24 = 5*n. Suppose -n*b - 16 = -58. What is the remainder when b is divided by 3?
1
Suppose -20 = -5*i - 0*i. Suppose -9*t - 60 = -3*t. Calculate the remainder when (t/4)/((-3)/6) is divided by i.
1
Let l(m) = -m + 10. Let k be l(6). Let v = 63 + -15. What is the remainder when v is divided by (25/(-4))/(k/(-16))?
23
Let p = 48 - 34. Suppose -p = -5*c - 4. Suppose 215 = c*n + 2*z + z, 322 = 3*n + 5*z. What is the remainder when n is divided by 28?
25
Let w(i) be the second derivative of i**5/20 + 7*i**4/12 + 4*i**3/3 + 6*i**2 + 23*i. What is the remainder when 109 is divided by w(-5)?
21
Let u = 22 - -16. Let o = 1 + u. What is the remainder when o is divided by (10/4)/(4/16)?
9
Suppose r - 37 + 3 = -4*m, -2*r + 4*m = -20. What is the remainder when (-12)/18 + 203/3 is divided by r?
13
Calculate the remainder when 148 is divided by (1*3 - 1) + (-5328)/(-111).
48
Suppose -3*v - 4*w = -60, -41 = -2*v + 18*w - 21*w. Calculate the remainder when 60 is divided by v.
12
Let l(o) = o**2 + 7*o + 17. What is the remainder when l(-11) is divided by 22?
17
Let f = -39 + 45. Suppose 0 = -0*s - f*s + 102. What is the remainder when 65 is divided by s?
14
What is the remainder when (3/(15/(-515)))/(-1) is divided by 15?
13
Suppose 0 = 7*s - 2*s - 3*b + 51, -b = 3*s + 39. Calculate the remainder when 172 is divided by (-10)/(-8)*16/s*-15.
22
Let p be (-3)/3*5/(-1). Suppose -6*f + 219 = -f + 2*j, -10 = -p*j. Suppose -2*v + 30 = -4*k, v - k = 2 + 13. What is the remainder when f is divided by v?
13
Let t = -107 + 114. Calculate the remainder when 27 is divided by t.
6
Suppose -12*g + 7*g - 659 = -4*s, 3*s - 5*g - 498 = 0. Calculate the remainder when s is divided by 90.
71
Let c(v) = 37*v**2 + 5*v. Let s be c(-2). Let a(z) = z**2 + 11*z + 4. Let x be a(10). Suppose -s - x = -4*j. What is the remainder when j is divided by 18?
16
Let a(s) = s - 1. Let z be (12/4)/(-1) + 14. Suppose 5*d - 89 - z = 0. Calculate the remainder when d is divided by a(8).
6
Suppose 3*i - 149 = -5. Let g = -11 + i. Calculate the remainder when g is divided by 19.
18
Suppose 5*m = -5*y + 230, -2*m - 172 = -10*y + 6*y. What is the remainder when 79 is divided by y?
35
Let d(k) = -4*k**2 - 78*k + 12. Calculate the remainder when 190 is divided by d(-19).
40
Let b = -10 - 30. Let y = b - -53. Calculate the remainder when 35 is divided by y.
9
Suppose 0 = -m + 5*h + 5, 0 = m - 4*m - 2*h + 66. Let j(w) = -4*w**2 + 42*w - 7. What is the remainder when j(4) is divided by m?
17
Let o be 1 + 0 - (-2 + 0). Suppose -3*v + 2*v - o*b = -28, 0 = 3*b - 12. Calculate the remainder when 78 is divided by v.
14
Let z = 30 + -32. What is the remainder when 14 + z - (-3 - 0) is divided by 8?
7
Suppose -59*x + 58*x = -2, 2*m - 416 = x. Calculate the remainder when m is divided by 84.
41
Let w(r) = r**2 + 7*r + 6. Let x be w(-5). Let j be 14/6 + x/3. Calculate the remainder when ((-9)/j)/(3/(-8)) is divided by 13.
11
Suppose 5*g + 5*p = -65, 42 = -4*g - p - 7. Let k = 9 + g. What is the remainder when 31*(6 + k) - -4 is divided by 20?
17
Suppose 2*m - 4*m + 64 = 5*l, -4*m - 68 = -4*l. Calculate the remainder when 138 is divided by l.
12
Let q be 180/(-21)*(-2 - -30). Let o = -313 + 187. Let m = o - q. What is the remainder